 2. Determine x(d).
6
Let y(q) = 4 + 13*q - 11*q - q**2 + 0 + 5*q. Give y(8).
-4
Let m = 20 + -16. Let q(c) = 4*c - c**2 + m - 5*c - 1. Calculate q(-3).
-3
Suppose 5*u - 40 = -5*w, -2*w - 3*u = u - 20. Let g(f) = -14*f**2 - 12*f - 11. Let t(d) = 5*d**2 + 4*d + 4. Let h(q) = 6*g(q) + 17*t(q). What is h(w)?
14
Let q(c) = -c**2 - 3*c. Let o = 11 - 1. Suppose -o = 5*i - 3*i. Give q(i).
-10
Let p be (-1)/((-3)/((-6)/1)). Let l(z) be the first derivative of z**4/6 + z**3/6 + z - 2. Let x(n) be the first derivative of l(n). Calculate x(p).
6
Let y(k) be the first derivative of -k**3/3 + k**2 + 5*k + 1. Let j(n) = -n + 13. Let q be (1 + -4)/((-7)/21). Let s be j(q). Determine y(s).
-3
Let i(p) = -p - 1. Suppose -3*o + 4 = -11. Suppose 0*b = -5*b - o. Let v be -1*(2 + -2 + b). Calculate i(v).
-2
Let g(f) = 7*f**2 - 1. Suppose 5*c - 23 + 3 = 0. Suppose -2*q - 2 = -c. What is g(q)?
6
Let r(q) be the second derivative of -q**4/12 + 5*q**3/6 + 4*q**2 + 13*q. Give r(6).
2
Let l = 26 - 23. Let p(j) = -j**2 + 5*j - 2. Determine p(l).
4
Suppose -1 = -q + 4*r, 2*q = 2*r - 5*r + 13. Suppose q*v - 27 = -5*s + 13, s + 5*v = 20. Let o(u) = -u - 1. Calculate o(s).
-6
Let r(o) = 4*o + 4. Suppose 0 = -b + a + a + 2, -a = -4*b - 20. Determine r(b).
-20
Let g be (-4)/(-22) - (-86)/11. Let u(z) = -6 + 2 + 2 + g*z + z**2. What is u(-7)?
-9
Suppose 0 = -3*t - 0*t + 18. Suppose 6*p - 14 = -2*h + 2*p, 2*h + p - 8 = 0. Let u(r) = -9 + 3*r**2 - h*r**2 + 7*r + 2 - r**2. What is u(t)?
-1
Let z(u) = -4*u + 6. Let j(m) = -m**2 + m - 1. Let h(p) = j(p) - z(p). Suppose -4*l - 3 = -11. Let i(t) = -t**3 + 2*t**2 + 2*t + 1. Let b be i(l). Give h(b).
-7
Let k(d) = -d**2 + 6*d - 2. Suppose -5*x = -4*x + 4, -i = 5*x + 18. Suppose c + 4 = i*c. Calculate k(c).
6
Let z(v) be the third derivative of -v**5/60 - v**4/12 - v**3/6 + 5*v**2. What is z(-1)?
0
Let t(f) be the first derivative of f**4/4 + 4*f**3/3 - f**2/2 - 2*f - 2. Let h = -5 - -4. Let w be 4/(3/3*h). Give t(w).
2
Let l(s) = s + 4. Let q(z) = -5*z - 16. Let i(v) = -9*l(v) - 2*q(v). Let f be -12*(-3)/15*5. Let n(h) = -h**2 + 12*h + 3. Let b be n(f). Determine i(b).
-1
Let o(k) = k + 0*k + 3 - 1. Let s be -2 + -3*1/3. Give o(s).
-1
Let v(q) = q**2 + 6*q + 1. Let t be 132/(-28) - (-2)/(-7). Determine v(t).
-4
Let t(q) be the third derivative of q**6/120 + q**5/12 - 7*q**4/24 - 5*q**3/6 - 6*q**2. Suppose -2*y = 3 + 9. Calculate t(y).
1
Suppose -2*y + 4*w + 30 = 0, 5*y - 30 = 3*y - w. Let s be 9/3*y/9. Let p(n) = -n**3 + 5*n**2 + 4*n - 6. Give p(s).
14
Let t(h) = 10*h**3 - h - 4*h**3 + 5*h**2 - 7 - 5*h**3. Give t(-5).
-2
Let b be (-18)/4*14/21. Let g be 16/b + (-5)/(-15). Let v(o) = 2*o + 7. Give v(g).
-3
Let w(h) = h**2 + 3*h - 1 + 2*h + 0*h - 4*h. Give w(-1).
-1
Let d(y) = -y + 4. Let x(k) = 1. Let i(q) = d(q) - 3*x(q). Calculate i(1).
0
Let c(b) be the third derivative of b**6/120 - b**5/15 + b**4/12 - b**3 + 8*b**2. Determine c(4).
2
Let r(x) = -x**3 + 0*x**3 + 34*x - 33*x. Let a(o) = o**3 - 6*o**2 + 4*o + 6. Suppose 0 = -f + 5 - 0. Let g be a(f). Give r(g).
0
Let m be 6/6 + 0 + 2. Let b(f) = 3 - 3 - f + 3 - 4. Calculate b(m).
-4
Let z(b) = -b**2 - 7*b - 6. Let f be (-21)/(-2)*(-2)/(-3). Let h = -13 + f. What is z(h)?
0
Let b(a) = 6*a**2 + a + 1. Let c(j) = j**3 + 7*j**2 + j + 1. Let o(m) = -3*b(m) + 2*c(m). Give o(3).
14
Suppose 3 = 2*u + 9. Let s(z) = z + 6. Calculate s(u).
3
Let h be 2/4 + (-7)/(-2). Let g = 6 - 4. Let r(w) = -1 - h*w**g + w**2 - w**3 + 2*w**2. Determine r(-2).
3
Let x(j) = j**3 - 2*j**2 - 3*j + 2. Suppose 0 = 3*y - 2 - 7. Let p be x(y). Let m(r) = -r + 1. Give m(p).
-1
Let o(b) = -18 + 0*b**2 + 3*b + 21 + b**3 + b**2. What is o(-2)?
-7
Let y be 2/(-3) - (-28)/6. Suppose -y*n + 5 = 3*a + 19, 3*a + 5*n = -19. Let j(s) = -5*s**2 - s**2 + a*s**2. Calculate j(-1).
-4
Let i(c) = 24*c**3 + 4*c**2 - 47*c**3 - 3*c - 3 + 22*c**3. Give i(3).
-3
Let o(q) = 2*q - 3. Let t(w) = -w**3 - 10*w**2 - 10*w - 13. Let x be t(-9). Determine o(x).
-11
Let g(t) = t**3 + 4*t**2 + 3*t - 6. Let a(q) = -q**3 - q + 1. Let n(c) = 2*a(c) + g(c). What is n(4)?
0
Let r(a) be the third derivative of 1/24*a**4 + 0 + 1/3*a**3 + 0*a + 5*a**2. Calculate r(-5).
-3
Let t(k) = -k**2 - 3*k - 2. Let b be t(-2). Suppose -2*c + 11 = -3*u - 1, b = -3*c - 4*u + 1. Let j(g) = -g**3 - 2*g - 3 + 0 + 4*g**2 + 2*g**c. Determine j(-4).
5
Let h(z) be the second derivative of 3/2*z**2 + 2*z + 1/6*z**3 - 1/12*z**4 + 0. Let w = 11 - 8. Give h(w).
-3
Let u(j) = -3*j**3 - 6*j**2 - 6*j + 4. Let p(v) = -v**3 - 2*v**2 - 2*v + 1. Let d(b) = 7*p(b) - 2*u(b). Calculate d(-1).
0
Let m = 11 + -14. Let b(y) = y**3 + 2*y**2 - 4*y - 3. Determine b(m).
0
Let u(o) = -o**3 - 3*o**2 + 2*o. Let n be (-22)/77 - 164/14. Let r be (n/10)/(24/60). Calculate u(r).
-6
Let f(d) = -d + 7 + 0*d + 4*d - 4*d. Let k be f(3). Let g(r) = 0*r + r + 0 + 1. Determine g(k).
5
Let v = 25 - 30. Let h(k) = -k**3 - 5*k**2 - k. What is h(v)?
5
Let f(w) be the first derivative of -w**3 + w**2/2 - w + 5. Give f(1).
-3
Let p be (-37)/(-4) + 2/(-8). Suppose -2*s - 2*m = s - p, 0 = 2*s + 5*m - 6. Let x(j) = 7*j**3 - 4*j**2 - 6*j**3 - 4 - 4*j + 5*j + j**2. Give x(s).
-1
Let b be (-52)/12 - (-6)/(-9). Let p(t) be the second derivative of -t**4/12 - 2*t**3/3 + 5*t**2/2 + t. Determine p(b).
0
Let f(a) = -a**2 + 9*a - 1. Let d be f(9). Let c(r) = 14*r**3 - r**2 - 5*r - 1. Let k(p) = 15*p**3 - p**2 - 6*p - 1. Let i(q) = 5*c(q) - 4*k(q). Give i(d).
-11
Let u(i) = i**2 + 7*i - 2. Suppose f - 4*f + 4*c + 8 = 0, 5 = -5*f + 3*c. Determine u(f).
-14
Let l(s) = -3*s**3 - s**2 - s - 1. Let g be l(-1). Let u(k) = k + 5 - 3 - g*k + 3. Let f = -6 - -9. What is u(f)?
2
Let j(c) = -c**3 + 3*c**2 + c + 4. Suppose -4*x = -3*n - 32, -3*x + 18 = -n - 1. Suppose 0 - 15 = -x*t. Calculate j(t).
7
Suppose 3*b + 13*s - 9*s + 23 = 0, 4*s + 8 = 0. Let h(c) = c + 7. Calculate h(b).
2
Let f(t) be the second derivative of -t**3/2 - 3*t**2/2 + 5*t. Let w(i) = -i - 1. Let y(u) = -4*f(u) + 10*w(u). What is y(-3)?
-4
Suppose 8*a + 1 = 9*a. Suppose -3 - a = 2*g - 4*r, -2*r + 6 = -2*g. Let z(t) = -t**2 - 5*t + 3. Give z(g).
7
Let n(l) = -2*l**2 - 5. Let w(x) = 3*x**2 + x + 10. Let v(t) = 5*n(t) + 3*w(t). Suppose 16 = 3*c - 4*u, -3*u + 4*u = -3*c + 11. Determine v(c).
1
Let p(n) = n**3 + 5*n**2 + 3*n - 1. Suppose -4*z = 14 - 2. Give p(z).
8
Let i(f) be the first derivative of f**4/4 + f**3 - f**2 + 11. What is i(-3)?
6
Suppose 5*q - 3*q = 0. Let i(u) be the third derivative of 0*u**5 + 2/3*u**3 + 1/120*u**6 - 7*u**2 + 0*u**4 + 0 + 0*u. Give i(q).
4
Let p(l) = -6*l. Let k be p(1). Let h(u) = 3*u**2 - 11*u - 5. Let o(f) = f**2 - f. Let q(g) = h(g) - 4*o(g). What is q(k)?
1
Let d(c) = c**3 - 3*c**2 - 3*c + 3. Let q = -3 - -8. Let o(k) = 9*k**2 - 6*k + 19 + q*k - 6 + k**3 - 8*k. Let u be o(-10). Calculate d(u).
-6
Let m(d) = -7*d**2 - 9*d - 1. Let u(v) = v**2 - 1. Let z(t) = m(t) + 6*u(t). Give z(-7).
7
Let g(a) = -a**2 + 5*a - 8. Let f(z) = -z**2 + 4*z - 7. Let n(s) = -6*f(s) + 5*g(s). Determine n(0).
2
Let w = 15 - 10. Let q(u) = -u**3 - 2*u**2 - 2*u - 8. Let z(f) = -3*f**3 - 5*f**2 - 5*f - 23. Let g(t) = -17*q(t) + 6*z(t). Determine g(w).
-7
Let a(c) = -c**2 + 15. Let q be a(0). Let n(d) = 3*d - 4. Let h be n(3). Suppose -i + 5 + 23 = h*v, 0 = -3*v + q. Let x(p) = -2*p + 2. Determine x(i).
-4
Let r(t) = -4*t**3 - 6*t**2 - 9*t + 1. Let s(m) = 5*m**3 + 6*m**2 + 10*m - 2. Let l(p) = -4*r(p) - 3*s(p). Let h = 86 + -90. Determine l(h).
10
Let s(n) = -6*n**2 - 13*n. Let h(x) = -5*x**2 - 12*x. Let a(f) = 7*h(f) - 6*s(f). Give a(5).
-5
Let v(s) be the third derivative of 2*s**2 + 1/3*s**3 + 0 + 0*s**4 - 1/120*s**5 + 0*s. Let a(w) be the first derivative of v(w). Give a(-3).
3
Let d(i) = 26*i**2 - 26*i**2 - 3 - i**3 + 2*i. What is d(2)?
-7
Suppose -2*b - 8 = 4*w - 22, -2 = 4*b - 2*w. Suppose 3*f - b = 14. Suppose -4*h + 1 = f. Let u(a) = 5*a**2 - a - 1. What is u(h)?
5
Let b(h) = -h**3 + h**2 + h + 3. Let a be b(3). Let c be (-3 + a/(-3))*-2. Let p(l) = 2*l + 2. Calculate p(c).
-2
Let c(l) = -l - 2. Let n(v) = v**3 + v**2 - v + 2. Let p be n(0). Let r be ((-12)/(-8))/(p/(-4)). Give c(r).
1
Let j = 5 + -12. Let d = j + 13. Suppose 0 = 4*l - 2*l + d. Let f(p) = -p**3 - 3*p**2 - 1. Give f(l).
-1
Let y(i) = 0 - 4*i + 9*i**2 + 5*i + 0. Suppose -4*z = -1 + 5. Give 